j is divided by 5.
1
Let q = 15 + -8. Let u(h) = 6*h + 1. Let i(r) = r**2 - r. Let b be i(2). What is the remainder when u(b) is divided by q?
6
Let m = -24 - -49. What is the remainder when m is divided by 6?
1
Suppose -4*r - 4 = 5*p, 0 = 3*r + p - 0*p + 14. Calculate the remainder when -2*3/(r/25) is divided by 9.
7
Let m = 6 - 5. Let r(q) = 54*q**3 + 2*q**2 - 1. What is the remainder when r(m) is divided by 19?
17
Suppose 0*h = -h + 5. Let g(y) = y**2 - 3*y. Let b be g(4). Let c = b + h. What is the remainder when 16 is divided by c?
7
Let f be (-10)/2*24/20. Let b = f - -32. Suppose 5*m - b = -x + 2*x, 34 = 5*m + x. Calculate the remainder when 17 is divided by m.
5
Let n(h) = -6*h**2 - h + 1. Let g be n(1). Suppose -5*u = -5*o - 65, -2*u + 3*o + 1 = -30. What is the remainder when g/(-27) - (-133)/9 is divided by u?
7
Let j = 42 + -96. What is the remainder when 1 + j/4*-4 is divided by 14?
13
Calculate the remainder when (2 + 20/(-6))/((-8)/24) is divided by 4.
0
Suppose -14 - 1 = -5*k. Suppose 5*s + q = 47, -4*s + 54 - 12 = k*q. Calculate the remainder when s is divided by 10/4*18/15.
0
Let u(n) = 6*n**2 - 1. Let z be u(1). Suppose -d = 4*d - z*g - 55, g = -3. What is the remainder when 29 is divided by d?
5
What is the remainder when 17 + 8/(-12)*6 is divided by 8?
5
Let p(b) = -b**3 + 5*b**2 - 3*b + 6. Let u(q) = 26*q + 2. Let w be u(5). Suppose -5*d + w + 13 = 0. What is the remainder when d is divided by p(4)?
9
Let d(a) = 2*a**2 + a - 1. What is the remainder when 4 is divided by d(1)?
0
Let l = -3 + 15. Calculate the remainder when 31 is divided by l.
7
Let o = 57 - -65. What is the remainder when o is divided by 31?
29
Let f = -54 - -89. What is the remainder when f is divided by 9?
8
Let s = -2 - -5. Let q(z) be the second derivative of z**4/12 - z**3/2 + z**2/2 + 3*z. Calculate the remainder when 1 is divided by q(s).
0
Let l(r) = -69*r - 5. Let b(d) = 14*d + 1. Let s(g) = -11*b(g) - 2*l(g). Calculate the remainder when 29 is divided by s(-1).
14
Let a be 40/25*5/2. Suppose 10 = c + a*c. Suppose c*o - 5*o = -84. Calculate the remainder when o is divided by 10.
8
Calculate the remainder when 625/20 - 5/20 is divided by 17.
14
Let h(o) = 51*o + 1. Let u = 36 + -25. What is the remainder when h(1) is divided by u?
8
Suppose -10 = -z + 5*f, -5*f = 3*z - 0*z + 70. Let a = -6 - z. Let r = 18 - a. What is the remainder when 16 is divided by r?
7
Let x(f) = -2*f**3 - 3*f**2 + 3*f - 4. Calculate the remainder when x(-3) is divided by 5.
4
Suppose -4*h = 79 + 21. Let m = 22 - h. What is the remainder when m is divided by 0 - (1 - (-1 - -18))?
15
Suppose 17 = w - 12. Calculate the remainder when 86 is divided by w.
28
Let x(l) = l + 1. What is the remainder when x(6) is divided by 3?
1
Suppose -180 = 3*b - 5*b. Suppose -4*k + 8*k = 2*m - 8, 5*m + 4*k - b = 0. Calculate the remainder when 55 is divided by m.
13
Let m(c) = 2*c**3 - 7*c**2 + 4*c + 2. Suppose -5*w + 7 = s - 7, 0 = -2*w + 4. Calculate the remainder when m(s) is divided by 12.
10
Let d be (11/22)/((-1)/4). Let a(t) = -t**3 - 6*t**2 - 4*t + 5. Let r be a(-5). Let h = r - d. What is the remainder when 5 is divided by h?
1
Let o be (-2 + 3)*78/(-2). Let z = o + 94. Let h(p) = p**3 - 5*p**2 + 4*p - 1. What is the remainder when z is divided by h(5)?
17
Let x be (1470/20)/((-3)/(-8)). Let c = x + -87. Calculate the remainder when c is divided by 28.
25
Suppose -4*f = -f - 57. Suppose 5*d - 33 = 2*r, 4*r - 3*d + 8*d + 51 = 0. Calculate the remainder when f is divided by (r/(-4))/(10/20).
5
Suppose -11*t + 14 = -4*t. Calculate the remainder when 14 is divided by t.
0
Let c(q) = 4*q**2 + 13*q + 19. Calculate the remainder when 59 is divided by c(-4).
28
Suppose d = -2*z + 105, -5*d + 249 + 301 = 5*z. Suppose -5 = -5*t + d. Calculate the remainder when t is divided by 9.
6
Let q = -1 - -1. Suppose q*k + k = 25. Calculate the remainder when k is divided by 7.
4
Let g be 20/(-35)*14/(-4). Suppose -6*v + 4*n = -g*v - 68, 2*v - 14 = -2*n. What is the remainder when 23 is divided by v?
11
Let s = 81 + -17. Calculate the remainder when s is divided by 17.
13
Let c = 76 - 68. Calculate the remainder when c is divided by 5.
3
Calculate the remainder when (204/(-10))/((-2)/5) is divided by 39*-1*(-1)/3.
12
Suppose 2*v - 2*h - 3*h + 21 = 0, -5*h + 23 = -v. Suppose r = -3*r + 16, v = 2*n - 3*r. Suppose n + 8 = s. Calculate the remainder when s is divided by 8.
7
Let d = 7 - 3. Let s = -20 + 33. What is the remainder when s is divided by d?
1
Let h(f) = f**3 - 3*f**2 + 2*f + 2. Suppose -s - 2*m = -18, -3*m - 20 = -2*s + m. Calculate the remainder when h(4) is divided by s.
12
Suppose 3*m + o = 5*o - 4, -5*o + 5 = -m. Let f(p) = -p**3 + p + 27. Let w be f(m). Let i = w - 12. What is the remainder when 44 is divided by i?
14
Let g(k) = k - 1. Let f(p) = 5*p**2 - 3*p + 3. Let d(u) = -f(u) - 3*g(u). Let x be d(1). Let r = x + 9. What is the remainder when r is divided by 3?
1
Suppose 3*a = -5*i + 111, 4*i - i + 119 = 4*a. Suppose 0 = -t + 3, 2*t + 89 = -2*h - 3*h. Let c = a + h. Calculate the remainder when 38 is divided by c.
12
Let f = -26 - -29. What is the remainder when f is divided by 3?
0
Let p be (4 + -7)/6*50. Let q = -19 - p. What is the remainder when 16 is divided by q?
4
What is the remainder when 41/1*(-3)/(-3) is divided by 21?
20
Let z(b) = -b**2 + 2*b**2 - 12*b**3 - 5*b**3. Let y be z(-1). Let x = y + -4. Calculate the remainder when 26 is divided by x.
12
Suppose -6 + 0 = -3*l, -s - 4*l + 9 = 0. Calculate the remainder when 22 is divided by (s - -1)*-6*-1.
10
Let m be -1 + 0 + 7 + -2. Let l(s) = s. Let f(v) = -2. Let o(c) = 2*f(c) + 2*l(c). What is the remainder when o(m) is divided by 2?
0
Suppose -5*o + 12 + 103 = 0. Calculate the remainder when 34 is divided by o.
11
Let c(t) = -t**2 + 11*t + 1. Calculate the remainder when c(5) is divided by 4.
3
Suppose -3*v + 4*l + 140 = 0, -172 = -4*v + v - 4*l. Calculate the remainder when v is divided by 11.
8
Suppose 90 + 0 = 3*a. Calculate the remainder when a is divided by 17.
13
Suppose -36*u - 148 = -40*u. Suppose -6*m + 2*m + 52 = 0. Calculate the remainder when u is divided by m.
11
Suppose 9*m - 3*m = 90. What is the remainder when m is divided by 8?
7
Calculate the remainder when 78 is divided by ((-1)/(-3))/((-7)/(-567)).
24
Let c(g) = -10*g - 19. Let w(l) = 9*l + 18. Let h(a) = -5*c(a) - 6*w(a). Calculate the remainder when 41 is divided by h(-6).
8
Suppose 0 = -4*h - 2*u + 104, 2*u = -5*h - 58 + 188. What is the remainder when h is divided by 15?
11
Suppose -39 - 26 = -5*o. What is the remainder when 51 is divided by o?
12
Let r(c) = 33*c**2 - c + 1. Suppose -3*v + 48 = 5*p, -4 = -p + 8*v - 10*v. What is the remainder when r(1) is divided by p?
9
Suppose -4*m + 29 - 1 = -4*g, 0 = 4*m - 3*g - 30. Let i(w) = 2*w**2 + w + 4. Let x be i(3). Let t = x - m. What is the remainder when 47 is divided by t?
15
Let v = 17 + 1. Let h be (22/6)/((-1)/3). Let o = v - h. What is the remainder when o is divided by 10?
9
Let q = 92 + -81. Calculate the remainder when q is divided by -2 - -7 - 1 - -2.
5
Let j be 1 + -3 - (-21)/(-3). Let u = -7 - j. What is the remainder when 29 is divided by 38/4 - (-1)/u?
9
Let b(t) = -t**2 - 5*t - 2. Let p be b(-3). Let k(w) = -w + 1 - w - p. Calculate the remainder when 13 is divided by k(-5).
6
Suppose 3*d = -d + 20. Let i(a) = 3*a**2 + 6*a - 3 - 2*a**2 - 2. What is the remainder when d is divided by i(-7)?
1
Let s = -35 + 39. What is the remainder when 16 is divided by s?
0
Let f = 162 - 26. What is the remainder when f is divided by 23?
21
Suppose x - 35 - 9 = 0. What is the remainder when x is divided by 15?
14
Suppose 0 = -8*f + 969 - 121. Calculate the remainder when f is divided by 12.
10
Let x(i) = -i**3 + 5*i**2 + 7*i - 2. Let q be x(5). Let t = q - 7. What is the remainder when t is divided by 9?
8
Calculate the remainder when (0 + 5)/(3/24) is divided by 11.
7
Let s be -15*((-8)/3)/(-4). What is the remainder when (s/(-8))/((-3)/(-84)) is divided by 9?
8
Let o(s) = -s - 244. Let v be o(0). Let h = -171 - v. What is the remainder when h is divided by 19?
16
Let j(a) = -a**3 - 5*a**2 + 6*a + 3. Suppose 0 = -2*b - 7 - 5. Let w = 0 + 5. Calculate the remainder when w is divided by j(b).
2
Let b be -4